
Suppose n + 12492 = 5*w, -5*w = 4*n + 214 - 12721. What is the units digit of w?
9
Suppose 33*w - 30*w - 510 = 0. Suppose 0 = -9*g + w + 118. What is the units digit of g?
2
Suppose 225 = -4*n + 9*n. Suppose -f - n = 2*f. What is the tens digit of (230/f)/((-2)/3)?
2
Let r = 23 - 15. Suppose -r = -5*g + g, -m - 4*g + 10 = 0. Suppose 0 = m*p - 13 - 15. What is the tens digit of p?
1
Let n(s) = 8*s**2 + 2*s - 97. What is the tens digit of n(-10)?
8
Let a(j) = 123*j**2 - 14*j. What is the thousands digit of a(-4)?
2
Suppose 2*t = 5*q - 6 - 7, -14 = -4*t + 2*q. Let h be t/10 + (-22)/(-5). Suppose -s = -h - 1. What is the units digit of s?
6
Let g(s) = 10*s**2 + 2*s - 7. Let i be g(3). Let u = 30 + -27. Suppose -5*r + c = -0*c - 160, -u*r + i = -2*c. What is the tens digit of r?
3
Suppose 0 = -0*l - 5*l + 25. Let j = 6 - 4. Suppose -j*z + 7*d = 4*d + 3, l*z + 4*d - 27 = 0. What is the units digit of z?
3
Suppose -15*f + 9938 + 4402 = 0. What is the hundreds digit of f?
9
Let n = -4431 - -7621. What is the hundreds digit of n?
1
Suppose -21*a + 11253 = -3405. What is the units digit of a?
8
Let a(o) = -54*o + 289. What is the thousands digit of a(-18)?
1
Let d(p) = -138*p + 13. Let s be d(-3). Suppose 8*o - s = 277. What is the units digit of o?
8
Let z(c) = c**2 - 5*c + 8. Let u be z(6). Let t(m) = 29 + 23*m - u - 14. What is the tens digit of t(2)?
4
Suppose 3 - 2 = -a. Let w = 4 + a. Suppose w*g - 167 = -n, -3*n + 222 = 4*g - n. What is the units digit of g?
6
Let y = 5 + -5. Suppose -3*i + 6 = y, 4*w - 2*i = -578 + 1590. What is the hundreds digit of w?
2
Let i(b) = -b**2 - b - 6. Let v be i(0). Let h(f) = f**3 + 5*f**2 - 7*f - 2. Let l be h(v). Suppose -l*u = 3*s + 2 - 97, 5 = u. What is the units digit of s?
5
Suppose 4*j = -j - 2*o + 9, 5*o + 9 = -2*j. Suppose 3*h + 5*s = 687 - 85, 612 = 3*h + j*s. What is the tens digit of h?
0
Suppose -3*p + 369 = f, 2*f + 329 = -5*p + 1063. What is the units digit of f?
7
Suppose i = 3*i - 4842. What is the thousands digit of i?
2
Suppose 0 = 5*u - f - 112, 2*u + 2*u - 107 = -5*f. Suppose u = 3*l + 8. What is the units digit of l?
5
Let n be -40 + 5 + 2/1. Let a = 39 + n. Suppose -2*d + a*d - 100 = 0. What is the units digit of d?
5
Let c be -11 + 3 + -4 + 3. Let s be 12/(-54) - (-475)/c. Let p = -28 - s. What is the units digit of p?
5
What is the tens digit of 5*(-8)/(-40) - -1151?
5
Suppose 0 = 2*f - 330 + 32. What is the hundreds digit of f?
1
What is the tens digit of (18/(-3) - 0)*(-65 + -3)?
0
Suppose -g + 59 + 20 = 0. Let s = 131 - g. What is the tens digit of s?
5
Suppose 22 = -4*n + 62. Let d = n - 8. Suppose 2*t - 12 = m, 14 = 2*t - d*m - 2. What is the units digit of t?
4
Let h be 18/(0 - -2)*(-3)/(-9). Suppose g = h*d - g - 42, 0 = 3*g. What is the tens digit of d?
1
Let f = -62 - -108. Let a be ((-20)/8 + 3)*f. Let t = -14 + a. What is the units digit of t?
9
Suppose u - 1 = -5*i - 6, -5*u - 3*i = -19. Suppose 0 = u*h - 7 - 8. What is the tens digit of -2*((-330)/4)/h?
5
Let t be (2/(-7))/(-1) - (-4644)/14. Let n = t + -217. What is the hundreds digit of n?
1
Let j(q) = 2 + q**3 - 5 + 0 + 2*q. Let s be j(2). What is the units digit of 852/54 - (-2)/s?
6
Suppose 0 = 5*l + n - 10, 2*l + 4*n = 2*n + 4. What is the tens digit of 99/(-6)*(-3 - 6/l)?
9
Suppose -2*v = -3*y + 216 - 5, v = 3*y - 206. Let x = -18 + y. Let i = 83 - x. What is the units digit of i?
4
Suppose 4*b - 5429 = 279. What is the units digit of b?
7
Let x = -18 - -29. Let j be x + -1 + (-4)/(-2). Let c(g) = -g**3 + 12*g**2 + g - 4. What is the units digit of c(j)?
8
Suppose 2*y = 13*y - 264. Suppose -a = y - 255. What is the hundreds digit of a?
2
Let c(d) = 7*d**2 + 10*d - 67. What is the units digit of c(-11)?
0
Let w = -2 + 9. Let m = w - 9. Let g = 45 - m. What is the units digit of g?
7
Let u be (14/4 - 2)*(-8)/(-6). Let q(j) = 44*j - 4. What is the units digit of q(u)?
4
Suppose -5*m + 5*z - 45 = 65, -2*m = z + 53. Let f = 25 + m. Suppose 64 = -f*n + 4*n. What is the units digit of n?
6
What is the tens digit of ((-144414)/(-284))/(1/2)?
1
Suppose 3516 = -41*k + 47*k. What is the units digit of k?
6
Suppose 13050 = 2*v + 13*v. What is the units digit of v?
0
Let n(r) = -22*r. Let v be n(-1). Let f = v + -19. What is the units digit of f?
3
Let w = 341 + -106. Suppose -5*p = -89 - 11. Suppose 25*u = p*u + w. What is the units digit of u?
7
Let n(i) = 44*i**3 - 2*i**2 - 8*i + 7. What is the thousands digit of n(3)?
1
Let x = -26 + 32. What is the units digit of ((-3)/(-3))/(x/372)?
2
Let j(a) = -42*a + 9. Let s be j(-4). Let v = -113 + s. What is the tens digit of v?
6
What is the tens digit of (-1215)/(-5) + 4/(-1)?
3
Suppose 0 = -p - 9*p - 10. What is the units digit of (-1 - (-72)/p)*(11 + -12)?
3
Suppose 2*v - 5*x = 879, 3*v = 5*x - 0*x + 1331. What is the tens digit of 4/12 + (-2 - v/(-12))?
3
Suppose 3*j + 4 = 5*j, -3*u = -3*j - 3. Let c(q) = 29 + u - 6*q + 17 + 3*q. What is the tens digit of c(0)?
4
Let x be 6 + (-11)/((-55)/(-10)). What is the units digit of x/6 + (-9044)/(-42)?
6
Let c = -114 + 356. What is the units digit of c?
2
Let v(p) = 2*p**3 + 3*p**2 - 28*p - 2. Let d be v(-8). What is the units digit of -1 + (-9)/3 + d/(-5)?
8
Suppose -5*g + 26 = 2*m, -2*m - 2*g - 8 = -22. Let s(x) = 4*x**2 + 7*x - 4*x**2 + 1 - 4*x**2 + m*x**2. What is the units digit of s(6)?
7
Suppose -2*x + 122 = -164. Suppose -g + 53 = 4*u, -2*g + x - 12 = 3*u. What is the tens digit of g?
7
Suppose -2*t + 5*k = -2349, 0*t - 2*k - 2358 = -2*t. What is the hundreds digit of t?
1
Suppose 2*j + j - 6 = 0. What is the tens digit of (j - 1)/(2/118)?
5
Let l be 60/3*(-10)/(-4). Let d(s) = -s**2 - 24*s - 28. Let o be d(-22). Let w = l - o. What is the units digit of w?
4
Let t(c) = -4*c**3 - c. Let y be t(-1). Suppose -i - 44 = -3*b, 0 = 3*b - 0*i + y*i - 68. Let j = 30 - b. What is the tens digit of j?
1
Let n(r) = -2*r + 40. Let q be (0 - 4/(-6))*24. What is the units digit of n(q)?
8
Let v = -24 - -28. What is the tens digit of 63/42 - ((-194)/v + 1)?
4
What is the hundreds digit of (582/9)/(6/36)?
3
Let h(n) = -n**2 - 17*n. Let c be h(-16). Let b be 2 - (c*-1)/(-2). What is the units digit of (b/(-5))/(12/40)?
4
Suppose -t + 1 = 0, -t = 3*j + 2048 - 6744. What is the units digit of j?
5
Let c = -5 + 10. Suppose 3*m - 65 = -m + c*r, -2*r + 13 = m. What is the tens digit of m?
1
Let d(c) = -9*c**3 - 6*c**2 + 5*c - 3. What is the tens digit of d(-4)?
5
Suppose -4*o + 19 = 7. Suppose -b - 196 = -o*b. What is the units digit of b?
8
Suppose 5*u + 14 = 4*s - 3, 2 = -2*u. Suppose -n + 78 = -k, -2*k = s*n - n - 144. What is the units digit of n?
5
Suppose 15 = 3*b, -459 - 611 = 5*u + 3*b. Let p = -143 - u. What is the units digit of p?
4
Suppose 3*f - 5*u - 25 = f, f + 2*u = -10. Suppose f = 5*o - 334 + 34. What is the tens digit of o?
6
Suppose 6*p - 2757 = 1947. What is the hundreds digit of p?
7
Suppose 10*r + 16601 = 23*r. What is the thousands digit of r?
1
Let o(t) = 1299*t**2 + 66*t - 135. What is the units digit of o(2)?
3
Let n = -31 - -221. What is the tens digit of n?
9
Let a(x) = -11 + 3*x**3 + 97*x**2 - 2*x**3 - 2*x**3 - 109*x**2 - 33*x. What is the tens digit of a(-10)?
1
Suppose 3*w + i - 11307 = -2*i, 0 = 2*w - 3*i - 7553. What is the thousands digit of w?
3
Suppose 3*p - 52 = 7*p - 5*l, 5*p + l + 36 = 0. Let j be (p/12)/((-2)/15). Suppose -4*u - j = -93. What is the units digit of u?
2
Let z(i) = -3*i**3 + 2*i**2 + i. Let b be z(-1). Suppose 0 = -5*f + 2*f, -5*f = b*a - 100. What is the tens digit of a?
2
Suppose -4*u + 4*p = -496, -u + 4*p - 124 = -2*u. Let n = -64 + u. What is the tens digit of n?
6
Let k = -574 + 907. What is the tens digit of k?
3
Let x = 4 + 2. Suppose x*s - 99 = -3. What is the units digit of s?
6
Let p be ((-1)/2)/(2/(-20)). Suppose -p*i = -9*i. Suppose i = -m + 3*m - 134. What is the units digit of m?
7
Let h = -12 + 6. Let b be 68/(-6) - 2/h. Let g = -1 - b. What is the units digit of g?
0
Suppose -y + 1 = 0, 0*o = -4*o + 2*y + 6. What is the tens digit of 23 + (-1)/(-2) + (-5)/o?
2
Let h(u) = -1062*u**3 + u**2 - 2*u - 3. What is the hundreds digit of h(-1)?
0
Suppose 6*s = 5*s - 48. Let w be (-17)/(-17)*(-1 + 84). Let b = s + w. What is the tens digit of b?
3
Let t(g) = 5*g - 5. Let k be t(3). Suppos